*s - 4*i - 30, q*s - 224 = -2*i. Is s composite?
True
Let m(k) = k + 439. Suppose j = -3, 4*j = -2*l + 7*l - 12. Is m(l) composite?
False
Let n be -1 + 3/((-9)/(-48)). Suppose 3*o - 114 = -3*f, -3*f - n = 2*o - 94. Is o a prime number?
False
Is (2 - 2) + 5933 - (-13 - -11) prime?
False
Let t = 4 + -4. Is (1 - t)/((-1)/(-133)) prime?
False
Suppose -3*p = -3*d + 483, -15 = -0*p - 3*p. Let r = 60 + d. Suppose -3*j = -5*m + r, -2*m + 0*j = -2*j - 88. Is m a composite number?
False
Let d(j) = 16*j - 10. Is d(17) composite?
True
Suppose 0*d - 3*a = -d + 1462, 7340 = 5*d - 5*a. Is d a prime number?
True
Suppose -2*u + 295 = 3*u. Is u a prime number?
True
Let q(a) = a**3 + 12*a**2 - 2*a - 13. Is q(-12) prime?
True
Suppose -28719 + 3573 = -18*k. Is k a prime number?
False
Let l(z) = z**2 - 7*z - 10. Let c be l(10). Suppose -h + c = -47. Is h a prime number?
True
Suppose 84 - 1 = 2*r + 3*u, -2*r + 87 = -u. Suppose -m + 4*m + 35 = -2*n, -50 = 2*n - 2*m. Let z = n + r. Is z a prime number?
False
Suppose 0 = 4*y - 16, m + 1510 = 3*m + 3*y. Is m composite?
True
Let j = -2856 + 4256. Suppose -j = -5*v + 560. Let a = -273 + v. Is a a composite number?
True
Let h = -5 - -5. Let t be 4/8*(0 - h). Is (t + -2)*-1 - -77 prime?
True
Suppose -2*p - 2*p = -16, p = -5*y + 594. Suppose 0 = -4*z + 2*m + 140, y = 4*z - 5*m - 22. Is z a prime number?
False
Suppose -25*q + 28*q - 606 = 0. Is q prime?
False
Let s(d) = d**3 + 4*d**2 + 2*d. Let l be s(-3). Suppose -15 - 160 = -5*u - 3*z, l*u = -3*z + 105. Is u composite?
True
Suppose -3*h = 3*m - 291, -2*m + 289 = -h + 4*h. Is h a composite number?
True
Let j(y) = 34*y**2 + 7*y - 4. Is j(7) a composite number?
True
Is (-8)/(-3)*984/32 composite?
True
Let k(t) be the first derivative of t**4/4 - 8*t**3/3 - 5*t**2 + 4*t + 3. Let y be k(9). Is 41*1*y/(-1) a prime number?
False
Let s = -170 + 430. Let w = s - 147. Is w a composite number?
False
Let z(v) = 18*v**2 - 21*v - 25. Let r be z(17). Is (-3)/12 + r/16 prime?
False
Let y(s) = -14*s**3 + 4*s**2 + 6*s + 3. Is y(-5) composite?
False
Suppose -3*y = -0*y - 27. Let x(r) = 5*r + 6. Is x(y) a composite number?
True
Let h(u) = u + 1. Let y be h(3). Suppose b - 96 = -2*t, y*t - 46 = -b + 144. Is t prime?
True
Suppose -5*a + a + 4476 = 0. Is a a composite number?
True
Suppose -3*o + 506 + 952 = 0. Suppose 3*m + 276 = -o. Is (5/10)/((-1)/m) a prime number?
True
Suppose 6*y - 5*y - 371 = 0. Is y prime?
False
Let t be (-1)/(-2) - (-10)/(-4). Let b = 9 - t. Is b prime?
True
Suppose 0 = -4*i - 2*j + 694, 5*j + 121 = -5*i + 996. Suppose -5*s - 852 = -i. Let c = s + 285. Is c prime?
True
Suppose 4*d - 2*l + 24 = 0, -4*d + 2*l = -3*d + 12. Let p be (-1)/(-2) - 550/d. Is 2/(-1 - (-142)/p) a composite number?
True
Is 2736/10 - 14/(-35) a prime number?
False
Let z(o) = -o**2 + 5*o - 1. Let h be z(4). Suppose -2*x + 65 = h*x. Is x composite?
False
Suppose 3*s = 4*w + w - 35, -w - 2*s = 6. Is w a prime number?
False
Let n be (12/(-9))/((-4)/78). Let w = -46 + n. Let t = -10 - w. Is t a composite number?
True
Let j = 208 - 93. Is j composite?
True
Let t(a) = a + 1. Let l be t(0). Let w be 6/(4 - l) + 0. Suppose 3*i + 4*c - 339 = 0, c - 206 = -w*i + 5*c. Is i composite?
False
Suppose -3*c + c + 6 = 0. Suppose -g - 4 = c*g. Is (-712)/(-6) + g/(-3) a prime number?
False
Let f(d) = d - 2. Let j be f(2). Let u(k) = k + 6. Let n be u(-4). Suppose 18 = n*b - j*b. Is b a composite number?
True
Let c = 835 - 510. Suppose 0 = 7*m - 3*m + 3*t - 253, -2*t + c = 5*m. Is m prime?
True
Let p be 10*(-2 - (-12)/5). Suppose -p = -g + 1. Suppose -z - v = 4*v - 34, -3*z + g*v + 2 = 0. Is z prime?
False
Let a be ((1 - 2) + 2)/(-1). Let f be (2 - (8 - -2))*1. Is 1/(0 + a) - f a prime number?
True
Let k(t) = t**2 - 4*t - 28. Is k(-9) a composite number?
False
Suppose -2683 - 23371 = -14*g. Is g a prime number?
True
Let b(q) = q**2 + q + 1. Let k be b(-2). Suppose -987 = -6*l + k*l. Is l composite?
True
Let l be (-3)/(-2) + 3/6. Suppose -2*r = l*r - 100. Is r a composite number?
True
Let q = -2 - -2. Suppose q = 2*b - 8. Is (-2)/(b/2) - -54 prime?
True
Let h(q) = q**3 - 6*q**2 + 7*q - 11. Let f be 1*(4 - 3)*7. Is h(f) a composite number?
True
Let h = 16 + -10. Suppose 8*b - h*b = 50. Is b a composite number?
True
Let w = -3 - -6. Let m(x) = x**2 - 3*x + 3. Let n be m(w). Suppose 0*o - o - n*t + 112 = 0, 2*o - 210 = t. Is o a composite number?
True
Let o = 10 + -5. Suppose -o*l + 115 = 5*g, -l - g = -2*g - 15. Is l prime?
True
Let z = -101 - -8. Let y = 254 + z. Is y prime?
False
Suppose -4*o + 2238 = 2*o. Suppose -v = -2*w - 139, 0*v - 5*w = 3*v - o. Is v composite?
False
Suppose 0 = -19*a + 20*a - 853. Is a prime?
True
Is (-6741)/(-4) - 8/32 a prime number?
False
Suppose 5*w + 31 = 4*i, 3*w = 3*i - 10 - 11. Suppose -q - 2*u - 6 = u, -2*u = 5*q + i. Suppose -2*j + 6 = q, -2*j = -0*d + 3*d - 48. Is d prime?
False
Let w be (-1635)/4 - (-5)/(-20). Let j = 662 + w. Is j composite?
True
Suppose 2 = 5*h - 2*q, -2*h - 9 - 7 = -5*q. Let x(b) = 7*b**2 - 3*b. Is x(h) composite?
True
Let c(z) = -z - 7*z - 2 - z**2 - 3. Is c(-7) prime?
True
Suppose g - 16 = -5*o + 427, 5*g = 2*o - 188. Is o composite?
False
Suppose -4*j + 7*r + 2164 = 3*r, 5*j = -2*r + 2705. Is j a prime number?
True
Let n(d) = 50 - 11 + 28 + d. Let t(c) = -c**3 + 2*c**2 - c. Let g be t(1). Is n(g) composite?
False
Is 3/2*70/3 a composite number?
True
Let d = 506 - 207. Is d a composite number?
True
Let h(z) = -5*z**3 + z**2 - z + 2. Is h(-3) composite?
False
Suppose 11 - 1 = j. Let d = j + -17. Let n(x) = 3*x**2 + 9*x + 7. Is n(d) prime?
False
Suppose 0*a - 33 = 3*a. Is (-2)/4*1826/a prime?
True
Suppose 0*m - 2 = -m. Suppose 0 = -4*q + 8, -m*b + 50 = -2*q - 448. Is b a composite number?
False
Let g(r) = r**3 + 9*r**2 - 3*r - 2. Is g(-5) composite?
False
Suppose 459 + 43 = 4*w - n, 3*w - 373 = -n. Let q = -7 + 27. Suppose -q = 3*b - w. Is b a composite number?
True
Let p(h) = -7*h**2 - 3*h. Let s(r) = -8*r**2 - 4*r. Let t(m) = -4*p(m) + 3*s(m). Let n be t(1). Is ((-11)/n)/(4/(-32)) a composite number?
True
Suppose 8*f - 209 = 167. Is f a prime number?
True
Let k(s) = -5*s. Suppose v + 2*h = 2, v - 2*v - 3 = -3*h. Let q be (-2 + v)/(2/3). Is k(q) prime?
False
Let m be 6/(-4) - (-10)/4. Is -87*(4 - (m + 4)) composite?
True
Let f(x) = 4*x**2 - 2*x + 317. Is f(0) composite?
False
Suppose -5*k = -0*m - 5*m + 5, m - 3*k + 9 = 0. Suppose -4*v = -6*v - 18. Is (-24)/v*m/4 a composite number?
True
Suppose -f - 3*y - 2*y + 244 = 0, -y = 2*f - 506. Is f composite?
True
Let a(z) = 49*z - 2. Is a(1) a prime number?
True
Suppose k + 3*k = -24. Suppose -9 = 2*r - 5*p + 22, -4*r = -2*p + 22. Is 33*(r + (-28)/k) prime?
False
Is 64 + (-3)/1 + -2 prime?
True
Suppose -g = -5*g - 8. Is (g/(-2))/(1/185) prime?
False
Suppose 2*b - 3*b = 20. Let v = b + 39. Is v prime?
True
Let z(f) = -f**2 - 7*f + 10. Let s be z(-8). Let x(l) = -61*l - 2. Let q(j) = -30*j - 1. Let d(w) = -9*q(w) + 4*x(w). Is d(s) a composite number?
False
Suppose 2*r - 155 = n + 9, 3*n - 89 = -r. Is r composite?
False
Suppose 5*u + 3*w = -2*w + 810, -5*w - 150 = -u. Let r(c) = -10*c**2 + c - 2. Let g be r(-3). Let j = u + g. Is j prime?
False
Let r(b) = 75*b**2 + 3*b - 5. Is r(2) a prime number?
False
Let x(j) = j**3 - 5*j**2 + 5. Let p be x(5). Suppose -p*i + 68 = -3*i. Suppose h - i = -0*h. Is h a prime number?
False
Suppose n = 2*n - 5*j + 5, 0 = -n + 3*j - 1. Suppose 50 = c - n. Is c a prime number?
False
Suppose 5*n = -0*n - 1370. Let g = n - -394. Suppose -q - 26 = 3*i - g, -3*q + 3 = 0. Is i prime?
True
Is 2*64465/50 + (-6)/(-15) prime?
True
Is 1/4 + 7532/16 a prime number?
False
Suppose 4*t - 3*t - 11 = -5*f, 0 = -2*t - 3*f + 15. Suppose -r + t*r = 2245. Is r a prime number?
True
Let l = -13 - -15. Is (-3)/l*(-508)/6 composite?
False
Suppose 2*x - 2*z + 4*z = 2030, 4*x = z + 4045. Suppose 498 = 2*g + 4*c, -3*g - 258 = -c - x. Is g a prime number?
True
Suppose 9*c - 17*c = -3704. Is c composite?
False
Let h(s) = -12*s**2 + 5*s - 2. Let b(q) = 25*q**2 - 10*q + 4. Let r(f) = -6*b(f) - 13*h(f). Is r(5) a prime number?
True
Suppose 0*i - 3*i + 90 = 0. Suppose 5*r + 5 - i = 0. Suppose 3*u - 2*d - 61 = 0, -7*d + 85 = r*u - 2*d. Is u a prime number?
True
Suppose 0 = 3*g - 718 - 68. Is g prime?
False
Let y = 2257 + -10